
4
Calculate the remainder when 4029 is divided by 62.
61
Calculate the remainder when 4402 is divided by 19.
13
What is the remainder when 158 is divided by 13?
2
What is the remainder when 1316 is divided by 38?
24
What is the remainder when 4950 is divided by 110?
0
What is the remainder when 332 is divided by 62?
22
Calculate the remainder when 13420 is divided by 15.
10
Calculate the remainder when 1674 is divided by 48.
42
What is the remainder when 126 is divided by 41?
3
Calculate the remainder when 115 is divided by 12.
7
What is the remainder when 725 is divided by 89?
13
What is the remainder when 2385 is divided by 11?
9
Calculate the remainder when 1490 is divided by 492.
14
What is the remainder when 3946 is divided by 20?
6
What is the remainder when 78 is divided by 23?
9
What is the remainder when 9270 is divided by 244?
242
What is the remainder when 879 is divided by 98?
95
What is the remainder when 2413 is divided by 16?
13
Calculate the remainder when 213 is divided by 66.
15
Calculate the remainder when 374 is divided by 42.
38
Calculate the remainder when 202 is divided by 34.
32
Calculate the remainder when 7053 is divided by 53.
4
What is the remainder when 214 is divided by 40?
14
What is the remainder when 547 is divided by 531?
16
Calculate the remainder when 297 is divided by 93.
18
What is the remainder when 2593 is divided by 12?
1
Calculate the remainder when 261 is divided by 12.
9
What is the remainder when 1059 is divided by 106?
105
Calculate the remainder when 17678 is divided by 26.
24
What is the remainder when 2160 is divided by 46?
44
Calculate the remainder when 101 is divided by 59.
42
What is the remainder when 671 is divided by 14?
13
Calculate the remainder when 765 is divided by 86.
77
What is the remainder when 261 is divided by 12?
9
What is the remainder when 202 is divided by 59?
25
Calculate the remainder when 113 is divided by 25.
13
What is the remainder when 255 is divided by 64?
63
What is the remainder when 41 is divided by 14?
13
Calculate the remainder when 303 is divided by 156.
147
Calculate the remainder when 1933 is divided by 176.
173
What is the remainder when 537 is divided by 534?
3
Calculate the remainder when 1709 is divided by 24.
5
Calculate the remainder when 1753 is divided by 45.
43
What is the remainder when 84 is divided by 62?
22
What is the remainder when 761 is divided by 204?
149
Calculate the remainder when 630 is divided by 152.
22
What is the remainder when 191 is divided by 29?
17
What is the remainder when 790 is divided by 14?
6
Calculate the remainder when 155 is divided by 134.
21
What is the remainder when 753 is divided by 182?
25
What is the remainder when 350 is divided by 114?
8
Calculate the remainder when 879 is divided by 85.
29
What is the remainder when 942 is divided by 4?
2
Calculate the remainder when 2774 is divided by 461.
8
What is the remainder when 4801 is divided by 47?
7
Calculate the remainder when 122 is divided by 30.
2
Calculate the remainder when 2380 is divided by 16.
12
What is the remainder when 945 is divided by 198?
153
What is the remainder when 138 is divided by 16?
10
Calculate the remainder when 229 is divided by 55.
9
What is the remainder when 355 is divided by 18?
13
Calculate the remainder when 28 is divided by 12.
4
What is the remainder when 402 is divided by 346?
56
What is the remainder when 404 is divided by 45?
44
Calculate the remainder when 237 is divided by 57.
9
What is the remainder when 513 is divided by 88?
73
Calculate the remainder when 251 is divided by 79.
14
Calculate the remainder when 3871 is divided by 68.
63
Calculate the remainder when 158 is divided by 41.
35
What is the remainder when 157 is divided by 41?
34
What is the remainder when 203 is divided by 45?
23
Calculate the remainder when 151 is divided by 83.
68
What is the remainder when 2040 is divided by 227?
224
Calculate the remainder when 23399 is divided by 156.
155
What is the remainder when 592 is divided by 27?
25
What is the remainder when 739 is divided by 24?
19
Calculate the remainder when 74 is divided by 44.
30
What is the remainder when 1043 is divided by 219?
167
What is the remainder when 1620 is divided by 116?
112
Calculate the remainder when 882 is divided by 865.
17
What is the remainder when 2665 is divided by 178?
173
Calculate the remainder when 9572 is divided by 5.
2
Calculate the remainder when 320 is divided by 14.
12
What is the remainder when 199 is divided by 40?
39
Calculate the remainder when 154 is divided by 35.
14
Calculate the remainder when 204 is divided by 11.
6
Calculate the remainder when 347 is divided by 117.
113
What is the remainder when 171 is divided by 44?
39
Calculate the remainder when 143 is divided by 74.
69
What is the remainder when 451 is divided by 35?
31
What is the remainder when 65 is divided by 22?
21
Calculate the remainder when 3315 is divided by 31.
29
Calculate the remainder when 149 is divided by 51.
47
Calculate the remainder when 1137 is divided by 186.
21
Calculate the remainder when 319 is divided by 17.
13
Calculate the remainder when 36 is divided by 4.
0
Calculate the remainder when 108 is divided by 35.
3
Calculate the remainder when 20999 is divided by 175.
174
Calculate the remainder when 1127 is divided by 559.
9
Calculate the remainder when 442 is divided by 12.
10
Calculate the remainder when 3091 is divided by 613.
26
What is the remainder when 394 is divided by 80?
74
Calculate the remainder when 1007 is divided by 48.
47
Calculate the remainder when 544 is divided by 179.
7
Calculate the remainder when 138 is divided by 71.
67
What is the remainder when 95 is divided by 6?
5
Calculate the remainder when 1037 is divided by 175.
162
What is the remainder when 3231 is divided by 1074?
9
Calculate the remainder when 42 is divided by 2.
0
What is the remainder when 266 is divided by 136?
130
Calculate the remainder when 1253 is divided by 91.
70
Calculate the remainder when 153 is divided by 36.
9
Calculate the remainder when 132 is divided by 67.
65
Calculate the remainder when 1650 is divided by 127.
126
What is the remainder when 2013 is divided by 72?
69
Calculate the remainder when 2 is divided by 2.
0
What is the remainder when 30 is divided by 20?
10
Calculate the remainder when 107 is divided by 12.
11
What is the remainder when 318 is divided by 54?
48
Calculate the remainder when 4950 is divided by 42.
36
Calculate the remainder when 126 is divided by 27.
18
Calculate the remainder when 51 is divided by 50.
1
Calculate the remainder when 364 is divided by 69.
19
What is the remainder when 152 is divided by 81?
71
What is the remainder when 9716 is divided by 32?
20
What is the remainder when 65 is divided by 24?
17
What is the remainder when 468 is divided by 53?
44
Calculate the remainder when 39 is divided by 19.
1
What is the remainder when 1032 is divided by 127?
16
Calculate the remainder when 202 is divided by 69.
64
What is the remainder when 199 is divided by 10?
9
Calculate the remainder when 122 is divided by 33.
23
What is the remainder when 307 is divided by 28?
27
What is the remainder when 4764 is divided by 16?
12
What is the remainder when 951 is divided by 17?
16
Calculate the remainder when 1079 is divided by 66.
23
Calculate the remainder when 2051 is divided by 204.
11
Calculate the remainder when 447 is divided by 2.
1
Calculate the remainder when 92 is divided by 45.
2
What is the remainder when 8813 is divided by 29?
26
Calculate the remainder when 306 is divided by 11.
9
What is the remainder when 239 is divided by 19?
11
What is the remainder when 2572 is divided by 369?
358
Calculate the remainder when 1447 is divided by 76.
3
What is the remainder when 82 is divided by 23?
13
What is the remainder when 563 is divided by 237?
89
What is the remainder when 2033 is divided by 120?
113
What is the remainder when 2729 is divided by 19?
12
Calculate the remainder when 12583 is divided by 22.
21
What is the remainder when 7 is divided by 7?
0
What is the remainder when 13462 is divided by 88?
86
Calculate the remainder when 254 is divided by 51.
50
Calculate the remainder when 27 is divided by 11.
5
Calculate the remainder when 181